{"id":9912,"date":"2025-07-01T08:08:26","date_gmt":"2025-07-01T07:08:26","guid":{"rendered":"https:\/\/sztgotthard-altisk.hu\/?page_id=9912"},"modified":"2025-08-17T21:10:49","modified_gmt":"2025-08-17T20:10:49","slug":"hatartalanul-beszamolok","status":"publish","type":"page","link":"https:\/\/sztgotthard-altisk.hu\/?page_id=9912","title":{"rendered":"Hat\u00e1rtalanul! Besz\u00e1mol\u00f3k"},"content":{"rendered":"<p style=\"text-align: center;\"><a href=\"https:\/\/i0.wp.com\/sztgotthard-altisk.hu\/wp-content\/uploads\/2025\/07\/hat-nat-bga_harmas_logo.jpg?ssl=1\"><img data-recalc-dims=\"1\" decoding=\"async\" class=\"aligncenter size-medium wp-image-9943\" src=\"https:\/\/i0.wp.com\/sztgotthard-altisk.hu\/wp-content\/uploads\/2025\/07\/hat-nat-bga_harmas_logo.jpg?resize=400%2C100&#038;ssl=1\" alt=\"\" width=\"400\" height=\"100\" srcset=\"https:\/\/i0.wp.com\/sztgotthard-altisk.hu\/wp-content\/uploads\/2025\/07\/hat-nat-bga_harmas_logo.jpg?resize=300%2C75&amp;ssl=1 300w, https:\/\/i0.wp.com\/sztgotthard-altisk.hu\/wp-content\/uploads\/2025\/07\/hat-nat-bga_harmas_logo.jpg?resize=1024%2C256&amp;ssl=1 1024w, https:\/\/i0.wp.com\/sztgotthard-altisk.hu\/wp-content\/uploads\/2025\/07\/hat-nat-bga_harmas_logo.jpg?resize=768%2C192&amp;ssl=1 768w, https:\/\/i0.wp.com\/sztgotthard-altisk.hu\/wp-content\/uploads\/2025\/07\/hat-nat-bga_harmas_logo.jpg?resize=1536%2C384&amp;ssl=1 1536w, https:\/\/i0.wp.com\/sztgotthard-altisk.hu\/wp-content\/uploads\/2025\/07\/hat-nat-bga_harmas_logo.jpg?w=2000&amp;ssl=1 2000w\" sizes=\"(max-width: 400px) 100vw, 400px\" \/><\/a><\/p>\n<p style=\"font-size: 20px; text-align: center;\">Megval\u00f3sult a Magyar Korm\u00e1ny t\u00e1mogat\u00e1s\u00e1val.\u00a0<\/p>\n<p><a href=\"https:\/\/sztgotthard-altisk.hu\/?page_id=2158\">Hat\u00e1rtalanul 2016\/2017 tan\u00e9v<\/a><\/p>\n<p><a href=\"https:\/\/sztgotthard-altisk.hu\/?page_id=2160\">Hat\u00e1rtalanul 2017\/2018 tan\u00e9v<\/a><\/p>\n<p><a href=\"https:\/\/sztgotthard-altisk.hu\/?page_id=9841\">Hat\u00e1rtalanul! \u00datinapl\u00f3 2025. \u00e1prilis 1-5.<\/a><\/p>\n<p><a href=\"https:\/\/sztgotthard-altisk.hu\/?page_id=9914\">Hat\u00e1rtalanul! T\u00f6rt\u00e9nelmi felfedez\u0151\u00faton a Felvid\u00e9ken<\/a><\/p>\n","protected":false},"excerpt":{"rendered":"<p>Megval\u00f3sult a Magyar Korm\u00e1ny t\u00e1mogat\u00e1s\u00e1val.\u00a0 Hat\u00e1rtalanul 2016\/2017 tan\u00e9v Hat\u00e1rtalanul 2017\/2018 tan\u00e9v Hat\u00e1rtalanul! \u00datinapl\u00f3 2025. \u00e1prilis 1-5. Hat\u00e1rtalanul! T\u00f6rt\u00e9nelmi felfedez\u0151\u00faton a Felvid\u00e9ken<\/p>\n","protected":false},"author":4,"featured_media":0,"parent":0,"menu_order":0,"comment_status":"closed","ping_status":"closed","template":"","meta":{"_exactmetrics_skip_tracking":false,"_exactmetrics_sitenote_active":false,"_exactmetrics_sitenote_note":"","_exactmetrics_sitenote_category":0,"footnotes":""},"class_list":["post-9912","page","type-page","status-publish","hentry"],"yoast_head":"<!-- This site is optimized with the Yoast SEO plugin v26.7 - https:\/\/yoast.com\/wordpress\/plugins\/seo\/ -->\n<title>Hat\u00e1rtalanul! Besz\u00e1mol\u00f3k - Szent Gotth\u00e1rd \u00c1ltal\u00e1nos Iskola<\/title>\n<meta name=\"robots\" content=\"index, follow, max-snippet:-1, max-image-preview:large, max-video-preview:-1\" \/>\n<link rel=\"canonical\" href=\"https:\/\/sztgotthard-altisk.hu\/?page_id=9912\" \/>\n<meta property=\"og:locale\" content=\"hu_HU\" \/>\n<meta property=\"og:type\" content=\"article\" \/>\n<meta property=\"og:title\" content=\"Hat\u00e1rtalanul! Besz\u00e1mol\u00f3k - Szent Gotth\u00e1rd \u00c1ltal\u00e1nos Iskola\" \/>\n<meta property=\"og:description\" content=\"Megval\u00f3sult a Magyar Korm\u00e1ny t\u00e1mogat\u00e1s\u00e1val.\u00a0 Hat\u00e1rtalanul 2016\/2017 tan\u00e9v Hat\u00e1rtalanul 2017\/2018 tan\u00e9v Hat\u00e1rtalanul! \u00datinapl\u00f3 2025. \u00e1prilis 1-5. Hat\u00e1rtalanul! T\u00f6rt\u00e9nelmi felfedez\u0151\u00faton a Felvid\u00e9ken\" \/>\n<meta property=\"og:url\" content=\"https:\/\/sztgotthard-altisk.hu\/?page_id=9912\" \/>\n<meta property=\"og:site_name\" content=\"Szent Gotth\u00e1rd \u00c1ltal\u00e1nos Iskola\" \/>\n<meta property=\"article:modified_time\" content=\"2025-08-17T20:10:49+00:00\" \/>\n<meta property=\"og:image\" content=\"https:\/\/sztgotthard-altisk.hu\/wp-content\/uploads\/2025\/07\/hat-nat-bga_harmas_logo-300x75.jpg\" \/>\n<meta name=\"twitter:card\" content=\"summary_large_image\" \/>\n<script type=\"application\/ld+json\" class=\"yoast-schema-graph\">{\"@context\":\"https:\/\/schema.org\",\"@graph\":[{\"@type\":\"WebPage\",\"@id\":\"https:\/\/sztgotthard-altisk.hu\/?page_id=9912\",\"url\":\"https:\/\/sztgotthard-altisk.hu\/?page_id=9912\",\"name\":\"Hat\u00e1rtalanul! Besz\u00e1mol\u00f3k - Szent Gotth\u00e1rd \u00c1ltal\u00e1nos Iskola\",\"isPartOf\":{\"@id\":\"https:\/\/sztgotthard-altisk.hu\/#website\"},\"primaryImageOfPage\":{\"@id\":\"https:\/\/sztgotthard-altisk.hu\/?page_id=9912#primaryimage\"},\"image\":{\"@id\":\"https:\/\/sztgotthard-altisk.hu\/?page_id=9912#primaryimage\"},\"thumbnailUrl\":\"https:\/\/sztgotthard-altisk.hu\/wp-content\/uploads\/2025\/07\/hat-nat-bga_harmas_logo-300x75.jpg\",\"datePublished\":\"2025-07-01T07:08:26+00:00\",\"dateModified\":\"2025-08-17T20:10:49+00:00\",\"breadcrumb\":{\"@id\":\"https:\/\/sztgotthard-altisk.hu\/?page_id=9912#breadcrumb\"},\"inLanguage\":\"hu\",\"potentialAction\":[{\"@type\":\"ReadAction\",\"target\":[\"https:\/\/sztgotthard-altisk.hu\/?page_id=9912\"]}]},{\"@type\":\"ImageObject\",\"inLanguage\":\"hu\",\"@id\":\"https:\/\/sztgotthard-altisk.hu\/?page_id=9912#primaryimage\",\"url\":\"https:\/\/i0.wp.com\/sztgotthard-altisk.hu\/wp-content\/uploads\/2025\/07\/hat-nat-bga_harmas_logo.jpg?fit=2000%2C500&ssl=1\",\"contentUrl\":\"https:\/\/i0.wp.com\/sztgotthard-altisk.hu\/wp-content\/uploads\/2025\/07\/hat-nat-bga_harmas_logo.jpg?fit=2000%2C500&ssl=1\",\"width\":2000,\"height\":500},{\"@type\":\"BreadcrumbList\",\"@id\":\"https:\/\/sztgotthard-altisk.hu\/?page_id=9912#breadcrumb\",\"itemListElement\":[{\"@type\":\"ListItem\",\"position\":1,\"name\":\"Kezd\u0151lap\",\"item\":\"https:\/\/sztgotthard-altisk.hu\/\"},{\"@type\":\"ListItem\",\"position\":2,\"name\":\"Hat\u00e1rtalanul! Besz\u00e1mol\u00f3k\"}]},{\"@type\":\"WebSite\",\"@id\":\"https:\/\/sztgotthard-altisk.hu\/#website\",\"url\":\"https:\/\/sztgotthard-altisk.hu\/\",\"name\":\"Szent Gotth\u00e1rd \u00c1ltal\u00e1nos Iskola\",\"description\":\"Szent Gotth\u00e1rd \u00c1ltal\u00e1nos Iskola\",\"publisher\":{\"@id\":\"https:\/\/sztgotthard-altisk.hu\/#organization\"},\"potentialAction\":[{\"@type\":\"SearchAction\",\"target\":{\"@type\":\"EntryPoint\",\"urlTemplate\":\"https:\/\/sztgotthard-altisk.hu\/?s={search_term_string}\"},\"query-input\":{\"@type\":\"PropertyValueSpecification\",\"valueRequired\":true,\"valueName\":\"search_term_string\"}}],\"inLanguage\":\"hu\"},{\"@type\":\"Organization\",\"@id\":\"https:\/\/sztgotthard-altisk.hu\/#organization\",\"name\":\"Szent Gell\u00e9rt \u00c1ltal\u00e1nos Iskola\",\"url\":\"https:\/\/sztgotthard-altisk.hu\/\",\"logo\":{\"@type\":\"ImageObject\",\"inLanguage\":\"hu\",\"@id\":\"https:\/\/sztgotthard-altisk.hu\/#\/schema\/logo\/image\/\",\"url\":\"https:\/\/i0.wp.com\/www.sztgotthard-altisk.hu\/wp-content\/uploads\/2022\/01\/sztg_altisk_logo.png?fit=161%2C129&ssl=1\",\"contentUrl\":\"https:\/\/i0.wp.com\/www.sztgotthard-altisk.hu\/wp-content\/uploads\/2022\/01\/sztg_altisk_logo.png?fit=161%2C129&ssl=1\",\"width\":161,\"height\":129,\"caption\":\"Szent Gell\u00e9rt \u00c1ltal\u00e1nos Iskola\"},\"image\":{\"@id\":\"https:\/\/sztgotthard-altisk.hu\/#\/schema\/logo\/image\/\"}}]}<\/script>\n<!-- \/ Yoast SEO plugin. -->","yoast_head_json":{"title":"Hat\u00e1rtalanul! Besz\u00e1mol\u00f3k - Szent Gotth\u00e1rd \u00c1ltal\u00e1nos Iskola","robots":{"index":"index","follow":"follow","max-snippet":"max-snippet:-1","max-image-preview":"max-image-preview:large","max-video-preview":"max-video-preview:-1"},"canonical":"https:\/\/sztgotthard-altisk.hu\/?page_id=9912","og_locale":"hu_HU","og_type":"article","og_title":"Hat\u00e1rtalanul! Besz\u00e1mol\u00f3k - Szent Gotth\u00e1rd \u00c1ltal\u00e1nos Iskola","og_description":"Megval\u00f3sult a Magyar Korm\u00e1ny t\u00e1mogat\u00e1s\u00e1val.\u00a0 Hat\u00e1rtalanul 2016\/2017 tan\u00e9v Hat\u00e1rtalanul 2017\/2018 tan\u00e9v Hat\u00e1rtalanul! \u00datinapl\u00f3 2025. \u00e1prilis 1-5. Hat\u00e1rtalanul! T\u00f6rt\u00e9nelmi felfedez\u0151\u00faton a Felvid\u00e9ken","og_url":"https:\/\/sztgotthard-altisk.hu\/?page_id=9912","og_site_name":"Szent Gotth\u00e1rd \u00c1ltal\u00e1nos Iskola","article_modified_time":"2025-08-17T20:10:49+00:00","og_image":[{"url":"https:\/\/sztgotthard-altisk.hu\/wp-content\/uploads\/2025\/07\/hat-nat-bga_harmas_logo-300x75.jpg","type":"","width":"","height":""}],"twitter_card":"summary_large_image","schema":{"@context":"https:\/\/schema.org","@graph":[{"@type":"WebPage","@id":"https:\/\/sztgotthard-altisk.hu\/?page_id=9912","url":"https:\/\/sztgotthard-altisk.hu\/?page_id=9912","name":"Hat\u00e1rtalanul! Besz\u00e1mol\u00f3k - Szent Gotth\u00e1rd \u00c1ltal\u00e1nos Iskola","isPartOf":{"@id":"https:\/\/sztgotthard-altisk.hu\/#website"},"primaryImageOfPage":{"@id":"https:\/\/sztgotthard-altisk.hu\/?page_id=9912#primaryimage"},"image":{"@id":"https:\/\/sztgotthard-altisk.hu\/?page_id=9912#primaryimage"},"thumbnailUrl":"https:\/\/sztgotthard-altisk.hu\/wp-content\/uploads\/2025\/07\/hat-nat-bga_harmas_logo-300x75.jpg","datePublished":"2025-07-01T07:08:26+00:00","dateModified":"2025-08-17T20:10:49+00:00","breadcrumb":{"@id":"https:\/\/sztgotthard-altisk.hu\/?page_id=9912#breadcrumb"},"inLanguage":"hu","potentialAction":[{"@type":"ReadAction","target":["https:\/\/sztgotthard-altisk.hu\/?page_id=9912"]}]},{"@type":"ImageObject","inLanguage":"hu","@id":"https:\/\/sztgotthard-altisk.hu\/?page_id=9912#primaryimage","url":"https:\/\/i0.wp.com\/sztgotthard-altisk.hu\/wp-content\/uploads\/2025\/07\/hat-nat-bga_harmas_logo.jpg?fit=2000%2C500&ssl=1","contentUrl":"https:\/\/i0.wp.com\/sztgotthard-altisk.hu\/wp-content\/uploads\/2025\/07\/hat-nat-bga_harmas_logo.jpg?fit=2000%2C500&ssl=1","width":2000,"height":500},{"@type":"BreadcrumbList","@id":"https:\/\/sztgotthard-altisk.hu\/?page_id=9912#breadcrumb","itemListElement":[{"@type":"ListItem","position":1,"name":"Kezd\u0151lap","item":"https:\/\/sztgotthard-altisk.hu\/"},{"@type":"ListItem","position":2,"name":"Hat\u00e1rtalanul! Besz\u00e1mol\u00f3k"}]},{"@type":"WebSite","@id":"https:\/\/sztgotthard-altisk.hu\/#website","url":"https:\/\/sztgotthard-altisk.hu\/","name":"Szent Gotth\u00e1rd \u00c1ltal\u00e1nos Iskola","description":"Szent Gotth\u00e1rd \u00c1ltal\u00e1nos Iskola","publisher":{"@id":"https:\/\/sztgotthard-altisk.hu\/#organization"},"potentialAction":[{"@type":"SearchAction","target":{"@type":"EntryPoint","urlTemplate":"https:\/\/sztgotthard-altisk.hu\/?s={search_term_string}"},"query-input":{"@type":"PropertyValueSpecification","valueRequired":true,"valueName":"search_term_string"}}],"inLanguage":"hu"},{"@type":"Organization","@id":"https:\/\/sztgotthard-altisk.hu\/#organization","name":"Szent Gell\u00e9rt \u00c1ltal\u00e1nos Iskola","url":"https:\/\/sztgotthard-altisk.hu\/","logo":{"@type":"ImageObject","inLanguage":"hu","@id":"https:\/\/sztgotthard-altisk.hu\/#\/schema\/logo\/image\/","url":"https:\/\/i0.wp.com\/www.sztgotthard-altisk.hu\/wp-content\/uploads\/2022\/01\/sztg_altisk_logo.png?fit=161%2C129&ssl=1","contentUrl":"https:\/\/i0.wp.com\/www.sztgotthard-altisk.hu\/wp-content\/uploads\/2022\/01\/sztg_altisk_logo.png?fit=161%2C129&ssl=1","width":161,"height":129,"caption":"Szent Gell\u00e9rt \u00c1ltal\u00e1nos Iskola"},"image":{"@id":"https:\/\/sztgotthard-altisk.hu\/#\/schema\/logo\/image\/"}}]}},"jetpack_shortlink":"https:\/\/wp.me\/P9tyQr-2zS","jetpack_sharing_enabled":true,"_links":{"self":[{"href":"https:\/\/sztgotthard-altisk.hu\/index.php?rest_route=\/wp\/v2\/pages\/9912","targetHints":{"allow":["GET"]}}],"collection":[{"href":"https:\/\/sztgotthard-altisk.hu\/index.php?rest_route=\/wp\/v2\/pages"}],"about":[{"href":"https:\/\/sztgotthard-altisk.hu\/index.php?rest_route=\/wp\/v2\/types\/page"}],"author":[{"embeddable":true,"href":"https:\/\/sztgotthard-altisk.hu\/index.php?rest_route=\/wp\/v2\/users\/4"}],"replies":[{"embeddable":true,"href":"https:\/\/sztgotthard-altisk.hu\/index.php?rest_route=%2Fwp%2Fv2%2Fcomments&post=9912"}],"version-history":[{"count":4,"href":"https:\/\/sztgotthard-altisk.hu\/index.php?rest_route=\/wp\/v2\/pages\/9912\/revisions"}],"predecessor-version":[{"id":9949,"href":"https:\/\/sztgotthard-altisk.hu\/index.php?rest_route=\/wp\/v2\/pages\/9912\/revisions\/9949"}],"wp:attachment":[{"href":"https:\/\/sztgotthard-altisk.hu\/index.php?rest_route=%2Fwp%2Fv2%2Fmedia&parent=9912"}],"curies":[{"name":"wp","href":"https:\/\/api.w.org\/{rel}","templated":true}]}}