{"id":8260,"date":"2023-10-19T14:11:13","date_gmt":"2023-10-19T13:11:13","guid":{"rendered":"https:\/\/sztgotthard-altisk.hu\/?page_id=8260"},"modified":"2023-10-19T14:11:13","modified_gmt":"2023-10-19T13:11:13","slug":"nevadonk","status":"publish","type":"page","link":"https:\/\/sztgotthard-altisk.hu\/?page_id=8260","title":{"rendered":"N\u00e9vad\u00f3nk"},"content":{"rendered":"<p style=\"text-align: center;\" align=\"center\"><span style=\"font-family: Times New Roman, serif;\"><a href=\"https:\/\/i0.wp.com\/sztgotthard-altisk.hu\/wp-content\/uploads\/2023\/10\/sztgotthard-1.jpg?ssl=1\"><img data-recalc-dims=\"1\" fetchpriority=\"high\" decoding=\"async\" class=\"alignright size-medium wp-image-8261\" src=\"https:\/\/i0.wp.com\/sztgotthard-altisk.hu\/wp-content\/uploads\/2023\/10\/sztgotthard-1.jpg?resize=171%2C300&#038;ssl=1\" alt=\"\" width=\"171\" height=\"300\" srcset=\"https:\/\/i0.wp.com\/sztgotthard-altisk.hu\/wp-content\/uploads\/2023\/10\/sztgotthard-1.jpg?resize=171%2C300&amp;ssl=1 171w, https:\/\/i0.wp.com\/sztgotthard-altisk.hu\/wp-content\/uploads\/2023\/10\/sztgotthard-1.jpg?w=398&amp;ssl=1 398w\" sizes=\"(max-width: 171px) 100vw, 171px\" \/><\/a>HILDESHEIMI SZENT GOTTH\u00c1RD P\u00dcSP\u00d6K<\/span><\/p>\n<p align=\"justify\"><span style=\"font-family: Times New Roman, serif;\">Eml\u00e9knapja: M\u00e1jus 5.<\/span><\/p>\n<p align=\"justify\"><span style=\"font-family: Times New Roman, serif;\">Sz\u00fcletett: Reichersdorf, 960. <\/span><\/p>\n<p align=\"justify\"><span style=\"font-family: Times New Roman, serif;\">Meghalt: Hildesheim, 1038. m\u00e1jus 5.<\/span><\/p>\n<p align=\"justify\"><span style=\"font-family: Times New Roman, serif;\">Gotth\u00e1rd (Godehard) 960-ban sz\u00fcletett a Niederaltaich melletti Reichersdorfban. Apja, Ratmund az egykor j\u00f3m\u00f3d\u00fa kolostor szolg\u00e1i k\u00f6z\u00e9 tartozott. Gotth\u00e1rd kor\u00e1n kapott tudom\u00e1nyos \u00e9s teol\u00f3giai k\u00e9pz\u00e9st a kolostori iskol\u00e1ban. Tan\u00edt\u00f3j\u00e1nak, Udalgiusnak felt\u0171nt kiemelked\u0151 tehets\u00e9ge, s az \u0151 k\u00f6zbenj\u00e1r\u00e1s\u00e1ra a salzburgi Frigyes \u00e9rsek mag\u00e1hoz vette a fi\u00fat, \u00e9s biztos\u00edtotta sz\u00e1m\u00e1ra a tov\u00e1bbtanul\u00e1s lehet\u0151s\u00e9g\u00e9t. Salzburgb\u00f3l val\u00f3 visszat\u00e9r\u00e9se ut\u00e1n Gotth\u00e1rd 990-ben bel\u00e9pett a niederaltaichi kolostorba. 993-ban papp\u00e1 szentelt\u00e9k, majd 996-ban a kolostor ap\u00e1tja lett.<\/span><\/p>\n<p align=\"justify\"><span style=\"font-family: Times New Roman, serif;\">Gotth\u00e1rd Szent Benedek regul\u00e1j\u00e1nak szigor\u00fa megtart\u00e1s\u00e1ra t\u00f6rekedett a kolostor \u00e9let\u00e9ben. R\u00f6vid id\u0151 alatt el\u00e9rte, hogy Niederaltaich a salzburgi \u00e9rseks\u00e9g egyik legjelent\u0151sebb kolostor\u00e1v\u00e1 lett. Niederaltaich gazdas\u00e1gi j\u00f3l\u00e9te is emelkedett Gotth\u00e1rd gondoskod\u00e1sa k\u00f6vetkezt\u00e9ben. Vezet\u00e9se alatt a kolostor\u00e9p\u00fcleteket alapjukt\u00f3l kezdve \u00e1t\u00e9p\u00edtett\u00e9k. Az emberek okos \u00e9s hat\u00e1rozott vezet\u00e9s\u00e9nek k\u00e9pess\u00e9ge Gotth\u00e1rdban a gazdas\u00e1gi k\u00e9rd\u00e9sek ir\u00e1nti nagy k\u00f6r\u00fcltekint\u00e9ssel \u00e9s tapasztalattal, tov\u00e1bb\u00e1 alapos tanults\u00e1ggal \u00e9s klasszikus m\u0171velts\u00e9ggel kapcsol\u00f3dott egybe, amely nem korl\u00e1toz\u00f3dott csup\u00e1n teol\u00f3giai \u00edr\u00e1sok olvas\u00e1s\u00e1ra. Gotth\u00e1rd alkalmasnak mutatkozott arra, hogy reformjait m\u00e1s kolostorokban is bevezesse. 1005-ben Szent II. Henrik cs\u00e1sz\u00e1r \u00e9s mainzi Szent Willigis (+1011) \u00e9rsek k\u00edv\u00e1ns\u00e1g\u00e1ra \u00e1tvette a th\u00fcringiai Hersfeld ap\u00e1ts\u00e1g\u00e1nak vezet\u00e9s\u00e9t. A bajor Tegernsee, amelyet hasonl\u00f3k\u00e9ppen r\u00e1b\u00edztak, az \u0151 vezet\u00e9se alatt \u00e9lte \u00e1t els\u0151 nagy vir\u00e1gkora kezdet\u00e9t.<\/span><\/p>\n<p align=\"justify\"><span style=\"font-family: Times New Roman, serif;\">Az, hogy nagy egyh\u00e1zi m\u00e9lt\u00f3s\u00e1gokra t\u00f6rekedj\u00e9k, t\u00e1vol \u00e1llt Gotth\u00e1rdt\u00f3l. Az aszketikus szerzetesi \u00e9letm\u00f3dot saj\u00e1t \u00f6szt\u00f6nz\u00e9s\u00e9re \u00e9s m\u00e9ly bels\u0151 hajlam\u00e1b\u00f3l v\u00e1lasztotta, \u00e9s csak engedelmess\u00e9gb\u0151l \u00e1llt a reform szolg\u00e1lat\u00e1ba. Amikor 1013-ban \u00fagy l\u00e1tta, hogy Hersfeldben \u00e9s Tegernseeben megb\u00edzat\u00e1s\u00e1nak eleget tett, visszat\u00e9rt Niederaltaichba. Kilenc \u00e9ven \u00e1t kiz\u00e1r\u00f3lag kolostora vezet\u00e9s\u00e9nek szentelte mag\u00e1t. Amikor a hildesheimi k\u00e1ptalan 1022-ben II. Henrik cs\u00e1sz\u00e1r javaslat\u00e1ra egyhang\u00faan megv\u00e1lasztotta Szent Bernward (960 k\u00f6r\u00fcl&#8211;1022) p\u00fcsp\u00f6k ut\u00f3d\u00e1ul, Gotth\u00e1rd &#8211; b\u00e1rmennyire szerette is a mag\u00e1nyoss\u00e1got \u00e9s a szerzetess\u00e9get &#8211; a p\u00fcsp\u00f6ks\u00e9gben olyan hivat\u00e1st l\u00e1tott, amely al\u00f3l nem vonhatta ki mag\u00e1t. 1022. december 2-\u00e1n a mainzi Aribo (990 k.-1031) \u00e9rsek szentelte p\u00fcsp\u00f6kk\u00e9.<\/span><\/p>\n<p align=\"justify\"><span style=\"font-family: Times New Roman, serif;\">\u00c9letm\u00f3dj\u00e1ban alig v\u00e1ltozott valami, j\u00f3llehet Gotth\u00e1rd Hildesheim p\u00fcsp\u00f6kek\u00e9nt egyben birodalmi fejedelem is volt, \u00e9s eleget kellett tennie vil\u00e1gi k\u00f6telezetts\u00e9geinek is. A fejedelmi gy\u0171l\u00e9sekt\u0151l lehet\u0151leg t\u00e1vol tartotta mag\u00e1t, politikai tev\u00e9kenys\u00e9g\u00e9r\u0151l is alig lehet hallani. A gandersheimi kolostor r\u00e9gi vit\u00e1s \u00fcgy\u00e9ben okosan \u00e9s \u00fcgyesen j\u00e1rt el; Arib\u00f3nak 1030-ban le kellett mondania jogig\u00e9ny\u00e9r\u0151l, s Gandersheim csorb\u00edtatlanul Hildesheim p\u00fcsp\u00f6ks\u00e9g\u00e9\u00e9 maradt. Amint itt, \u00fagy valamennyi m\u00e1s dologban is Gotth\u00e1rd minden gondja a r\u00e1b\u00edzott p\u00fcsp\u00f6ks\u00e9g vezet\u00e9s\u00e9re, lelki, szellemi \u00e9s gazdas\u00e1gi j\u00f3l\u00e9t\u00e9nek emel\u00e9s\u00e9re ir\u00e1nyult.<\/span><\/p>\n<p align=\"justify\"><span style=\"font-family: Times New Roman, serif;\">El\u0151dj\u00e9t\u0151l, a sz\u00e1sz nemes Bernwardt\u00f3l elt\u00e9r\u0151en Gotth\u00e1rd a n\u00e9pb\u0151l j\u00f6tt, \u00e9s rendelkezett azzal az adom\u00e1nnyal, hogy teljes k\u00f6zvetlens\u00e9ggel tudjon sz\u00f3lni a n\u00e9phez. Rendszeresen pr\u00e9dik\u00e1lt; elment a szeg\u00e9nyek \u00e9s betegek h\u00e1zaiba, hogy \u00e1polja \u00e9s t\u00e1mogassa \u0151ket, s minden elk\u00e9pzelhet\u0151 m\u00f3don a seg\u00edts\u00e9g\u00fckre sietett. Rezidenci\u00e1j\u00e1ban szem\u00e9lyesen fogadott minden k\u00e9relmez\u0151t, meggy\u00f3ntatta a t\u00f6redelmes b\u0171nb\u00e1n\u00f3kat, gyakorlati \u00e9rz\u00e9k\u00e9t\u0151l vezetve azonban sohasem felejtette el, hogy f\u00f6ldi sz\u00fcks\u00e9gleteikr\u0151l is gondoskodj\u00e9k, hogy meg\u0151rizze \u0151ket a b\u0171nbe val\u00f3 visszaes\u00e9st\u0151l. A v\u00e1ros falain k\u00edv\u00fcl k\u00f3rh\u00e1zat \u00e9s zar\u00e1ndokh\u00e1zat emelt Szent Bertalan tisztelet\u00e9re, amely sok betegnek ny\u00fajtott mened\u00e9ket \u00e9s ell\u00e1t\u00e1st, az \u00e1tutaz\u00f3 zar\u00e1ndokoknak pedig ruh\u00e1t \u00e9s \u00e9telt adott. Hildesheim p\u00fcsp\u00f6ks\u00e9g\u00e9nek sz\u00e1mos temploma k\u00f6sz\u00f6nheti l\u00e9trej\u00f6tt\u00e9t Gotth\u00e1rd p\u00fcsp\u00f6knek. Sz\u00e1mukat nem becs\u00fclj\u00fck t\u00fal sokra a harminccal. A Hildesheimt\u0151l d\u00e9lre lev\u0151 Wrisbergholzenben benc\u00e9s kolostort \u00e9p\u00edttetett, hogy \u00faj m\u0171k\u00f6d\u00e9si k\u00f6rzet\u00e9ben is bevezesse Szent Benedek regul\u00e1j\u00e1t.<\/span><\/p>\n<p align=\"justify\"><span style=\"font-family: Times New Roman, serif;\">\u00c9let\u00e9nek utols\u00f3 \u00e9veiben gyakran vonult vissza, hogy teljesen a szeml\u00e9l\u0151d\u00e9snek \u00e9s az im\u00e1ds\u00e1gnak \u00e9ljen, amely ifj\u00fas\u00e1g\u00e1t\u00f3l fogva eszm\u00e9nyk\u00e9nt lebegett el\u0151tte, amelyt\u0151l azonban olyan messzire elt\u00e1vol\u00edtotta Isten h\u00edv\u00e1sa. Wrisbergholzenben tart\u00f3zkodott 1038 h\u00fasv\u00e9tj\u00e1n is, amikor \u00e9rezte, hogy elhagyja az ereje, ez\u00e9rt a hildesheimi M\u00f3ric-kolostorba vitette mag\u00e1t. Itt halt meg 1038. m\u00e1jus 5-\u00e9n. Egyh\u00e1zmegy\u00e9je, amely igazi atyj\u00e1t vesztette el benne, m\u00e9lyen meggy\u00e1szolta. A hildesheimi d\u00f3m p\u00fcsp\u00f6ki s\u00edrboltj\u00e1ban temett\u00e9k el.<\/span><\/p>\n<p align=\"justify\"><span style=\"font-family: Times New Roman, serif;\">Szentt\u00e9 avat\u00e1s\u00e1t II. Ince p\u00e1pa hirdette ki 1131-ben, I. Bernhard hildesheimi p\u00fcsp\u00f6k \u00f6szt\u00f6nz\u00e9s\u00e9re. Gotth\u00e1rd p\u00fcsp\u00f6k tisztelete r\u00f6videsen \u00e1tl\u00e9pte p\u00fcsp\u00f6ks\u00e9ge hat\u00e1rait; eljutott eg\u00e9szen Sv\u00e9d- \u00e9s Finnorsz\u00e1gig, a d\u00e9li szl\u00e1v ter\u00fcletekre \u00e9s Sv\u00e1jcba is. R\u00f3la kapta nev\u00e9t a Szent Gotth\u00e1rd- h\u00e1g\u00f3 is a sv\u00e1jci Alpokban. III. B\u00e9la kir\u00e1ly 1183-ban az \u0151 oltalma al\u00e1 helyezte a mai Szentgotth\u00e1rdon alap\u00edtott ciszterci kolostort.<\/span><\/p>\n","protected":false},"excerpt":{"rendered":"<p>HILDESHEIMI SZENT GOTTH\u00c1RD P\u00dcSP\u00d6K Eml\u00e9knapja: M\u00e1jus 5. Sz\u00fcletett: Reichersdorf, 960. Meghalt: Hildesheim, 1038. m\u00e1jus 5. Gotth\u00e1rd (Godehard) 960-ban sz\u00fcletett a Niederaltaich melletti Reichersdorfban. Apja, Ratmund az egykor j\u00f3m\u00f3d\u00fa kolostor szolg\u00e1i k\u00f6z\u00e9 tartozott. Gotth\u00e1rd kor\u00e1n kapott tudom\u00e1nyos \u00e9s teol\u00f3giai k\u00e9pz\u00e9st a kolostori iskol\u00e1ban. Tan\u00edt\u00f3j\u00e1nak, Udalgiusnak felt\u0171nt kiemelked\u0151 tehets\u00e9ge, s az \u0151 k\u00f6zbenj\u00e1r\u00e1s\u00e1ra a salzburgi Frigyes \u00e9rsek [&hellip;]<\/p>\n","protected":false},"author":4,"featured_media":0,"parent":0,"menu_order":0,"comment_status":"closed","ping_status":"closed","template":"","meta":{"_exactmetrics_skip_tracking":false,"_exactmetrics_sitenote_active":false,"_exactmetrics_sitenote_note":"","_exactmetrics_sitenote_category":0,"footnotes":""},"class_list":["post-8260","page","type-page","status-publish","hentry"],"yoast_head":"<!-- This site is optimized with the Yoast SEO plugin v26.7 - https:\/\/yoast.com\/wordpress\/plugins\/seo\/ -->\n<title>N\u00e9vad\u00f3nk - Szent Gotth\u00e1rd \u00c1ltal\u00e1nos Iskola<\/title>\n<meta name=\"robots\" content=\"index, follow, max-snippet:-1, max-image-preview:large, max-video-preview:-1\" \/>\n<link rel=\"canonical\" href=\"https:\/\/sztgotthard-altisk.hu\/?page_id=8260\" \/>\n<meta property=\"og:locale\" content=\"hu_HU\" \/>\n<meta property=\"og:type\" content=\"article\" \/>\n<meta property=\"og:title\" content=\"N\u00e9vad\u00f3nk - Szent Gotth\u00e1rd \u00c1ltal\u00e1nos Iskola\" \/>\n<meta property=\"og:description\" content=\"HILDESHEIMI SZENT GOTTH\u00c1RD P\u00dcSP\u00d6K Eml\u00e9knapja: M\u00e1jus 5. Sz\u00fcletett: Reichersdorf, 960. Meghalt: Hildesheim, 1038. m\u00e1jus 5. Gotth\u00e1rd (Godehard) 960-ban sz\u00fcletett a Niederaltaich melletti Reichersdorfban. Apja, Ratmund az egykor j\u00f3m\u00f3d\u00fa kolostor szolg\u00e1i k\u00f6z\u00e9 tartozott. Gotth\u00e1rd kor\u00e1n kapott tudom\u00e1nyos \u00e9s teol\u00f3giai k\u00e9pz\u00e9st a kolostori iskol\u00e1ban. Tan\u00edt\u00f3j\u00e1nak, Udalgiusnak felt\u0171nt kiemelked\u0151 tehets\u00e9ge, s az \u0151 k\u00f6zbenj\u00e1r\u00e1s\u00e1ra a salzburgi Frigyes \u00e9rsek [&hellip;]\" \/>\n<meta property=\"og:url\" content=\"https:\/\/sztgotthard-altisk.hu\/?page_id=8260\" \/>\n<meta property=\"og:site_name\" content=\"Szent Gotth\u00e1rd \u00c1ltal\u00e1nos Iskola\" \/>\n<meta property=\"og:image\" content=\"https:\/\/sztgotthard-altisk.hu\/wp-content\/uploads\/2023\/10\/sztgotthard-1-171x300.jpg\" \/>\n<meta name=\"twitter:card\" content=\"summary_large_image\" \/>\n<meta name=\"twitter:label1\" content=\"Becs\u00fclt olvas\u00e1si id\u0151\" \/>\n\t<meta name=\"twitter:data1\" content=\"5 perc\" \/>\n<script type=\"application\/ld+json\" class=\"yoast-schema-graph\">{\"@context\":\"https:\/\/schema.org\",\"@graph\":[{\"@type\":\"WebPage\",\"@id\":\"https:\/\/sztgotthard-altisk.hu\/?page_id=8260\",\"url\":\"https:\/\/sztgotthard-altisk.hu\/?page_id=8260\",\"name\":\"N\u00e9vad\u00f3nk - Szent Gotth\u00e1rd \u00c1ltal\u00e1nos Iskola\",\"isPartOf\":{\"@id\":\"https:\/\/sztgotthard-altisk.hu\/#website\"},\"primaryImageOfPage\":{\"@id\":\"https:\/\/sztgotthard-altisk.hu\/?page_id=8260#primaryimage\"},\"image\":{\"@id\":\"https:\/\/sztgotthard-altisk.hu\/?page_id=8260#primaryimage\"},\"thumbnailUrl\":\"https:\/\/sztgotthard-altisk.hu\/wp-content\/uploads\/2023\/10\/sztgotthard-1-171x300.jpg\",\"datePublished\":\"2023-10-19T13:11:13+00:00\",\"breadcrumb\":{\"@id\":\"https:\/\/sztgotthard-altisk.hu\/?page_id=8260#breadcrumb\"},\"inLanguage\":\"hu\",\"potentialAction\":[{\"@type\":\"ReadAction\",\"target\":[\"https:\/\/sztgotthard-altisk.hu\/?page_id=8260\"]}]},{\"@type\":\"ImageObject\",\"inLanguage\":\"hu\",\"@id\":\"https:\/\/sztgotthard-altisk.hu\/?page_id=8260#primaryimage\",\"url\":\"https:\/\/i0.wp.com\/sztgotthard-altisk.hu\/wp-content\/uploads\/2023\/10\/sztgotthard-1.jpg?fit=398%2C699&ssl=1\",\"contentUrl\":\"https:\/\/i0.wp.com\/sztgotthard-altisk.hu\/wp-content\/uploads\/2023\/10\/sztgotthard-1.jpg?fit=398%2C699&ssl=1\",\"width\":398,\"height\":699},{\"@type\":\"BreadcrumbList\",\"@id\":\"https:\/\/sztgotthard-altisk.hu\/?page_id=8260#breadcrumb\",\"itemListElement\":[{\"@type\":\"ListItem\",\"position\":1,\"name\":\"Kezd\u0151lap\",\"item\":\"https:\/\/sztgotthard-altisk.hu\/\"},{\"@type\":\"ListItem\",\"position\":2,\"name\":\"N\u00e9vad\u00f3nk\"}]},{\"@type\":\"WebSite\",\"@id\":\"https:\/\/sztgotthard-altisk.hu\/#website\",\"url\":\"https:\/\/sztgotthard-altisk.hu\/\",\"name\":\"Szent Gotth\u00e1rd \u00c1ltal\u00e1nos Iskola\",\"description\":\"Szent Gotth\u00e1rd \u00c1ltal\u00e1nos Iskola\",\"publisher\":{\"@id\":\"https:\/\/sztgotthard-altisk.hu\/#organization\"},\"potentialAction\":[{\"@type\":\"SearchAction\",\"target\":{\"@type\":\"EntryPoint\",\"urlTemplate\":\"https:\/\/sztgotthard-altisk.hu\/?s={search_term_string}\"},\"query-input\":{\"@type\":\"PropertyValueSpecification\",\"valueRequired\":true,\"valueName\":\"search_term_string\"}}],\"inLanguage\":\"hu\"},{\"@type\":\"Organization\",\"@id\":\"https:\/\/sztgotthard-altisk.hu\/#organization\",\"name\":\"Szent Gell\u00e9rt \u00c1ltal\u00e1nos Iskola\",\"url\":\"https:\/\/sztgotthard-altisk.hu\/\",\"logo\":{\"@type\":\"ImageObject\",\"inLanguage\":\"hu\",\"@id\":\"https:\/\/sztgotthard-altisk.hu\/#\/schema\/logo\/image\/\",\"url\":\"https:\/\/i0.wp.com\/www.sztgotthard-altisk.hu\/wp-content\/uploads\/2022\/01\/sztg_altisk_logo.png?fit=161%2C129&ssl=1\",\"contentUrl\":\"https:\/\/i0.wp.com\/www.sztgotthard-altisk.hu\/wp-content\/uploads\/2022\/01\/sztg_altisk_logo.png?fit=161%2C129&ssl=1\",\"width\":161,\"height\":129,\"caption\":\"Szent Gell\u00e9rt \u00c1ltal\u00e1nos Iskola\"},\"image\":{\"@id\":\"https:\/\/sztgotthard-altisk.hu\/#\/schema\/logo\/image\/\"}}]}<\/script>\n<!-- \/ Yoast SEO plugin. -->","yoast_head_json":{"title":"N\u00e9vad\u00f3nk - Szent Gotth\u00e1rd \u00c1ltal\u00e1nos Iskola","robots":{"index":"index","follow":"follow","max-snippet":"max-snippet:-1","max-image-preview":"max-image-preview:large","max-video-preview":"max-video-preview:-1"},"canonical":"https:\/\/sztgotthard-altisk.hu\/?page_id=8260","og_locale":"hu_HU","og_type":"article","og_title":"N\u00e9vad\u00f3nk - Szent Gotth\u00e1rd \u00c1ltal\u00e1nos Iskola","og_description":"HILDESHEIMI SZENT GOTTH\u00c1RD P\u00dcSP\u00d6K Eml\u00e9knapja: M\u00e1jus 5. Sz\u00fcletett: Reichersdorf, 960. Meghalt: Hildesheim, 1038. m\u00e1jus 5. Gotth\u00e1rd (Godehard) 960-ban sz\u00fcletett a Niederaltaich melletti Reichersdorfban. Apja, Ratmund az egykor j\u00f3m\u00f3d\u00fa kolostor szolg\u00e1i k\u00f6z\u00e9 tartozott. Gotth\u00e1rd kor\u00e1n kapott tudom\u00e1nyos \u00e9s teol\u00f3giai k\u00e9pz\u00e9st a kolostori iskol\u00e1ban. Tan\u00edt\u00f3j\u00e1nak, Udalgiusnak felt\u0171nt kiemelked\u0151 tehets\u00e9ge, s az \u0151 k\u00f6zbenj\u00e1r\u00e1s\u00e1ra a salzburgi Frigyes \u00e9rsek [&hellip;]","og_url":"https:\/\/sztgotthard-altisk.hu\/?page_id=8260","og_site_name":"Szent Gotth\u00e1rd \u00c1ltal\u00e1nos Iskola","og_image":[{"url":"https:\/\/sztgotthard-altisk.hu\/wp-content\/uploads\/2023\/10\/sztgotthard-1-171x300.jpg","type":"","width":"","height":""}],"twitter_card":"summary_large_image","twitter_misc":{"Becs\u00fclt olvas\u00e1si id\u0151":"5 perc"},"schema":{"@context":"https:\/\/schema.org","@graph":[{"@type":"WebPage","@id":"https:\/\/sztgotthard-altisk.hu\/?page_id=8260","url":"https:\/\/sztgotthard-altisk.hu\/?page_id=8260","name":"N\u00e9vad\u00f3nk - Szent Gotth\u00e1rd \u00c1ltal\u00e1nos Iskola","isPartOf":{"@id":"https:\/\/sztgotthard-altisk.hu\/#website"},"primaryImageOfPage":{"@id":"https:\/\/sztgotthard-altisk.hu\/?page_id=8260#primaryimage"},"image":{"@id":"https:\/\/sztgotthard-altisk.hu\/?page_id=8260#primaryimage"},"thumbnailUrl":"https:\/\/sztgotthard-altisk.hu\/wp-content\/uploads\/2023\/10\/sztgotthard-1-171x300.jpg","datePublished":"2023-10-19T13:11:13+00:00","breadcrumb":{"@id":"https:\/\/sztgotthard-altisk.hu\/?page_id=8260#breadcrumb"},"inLanguage":"hu","potentialAction":[{"@type":"ReadAction","target":["https:\/\/sztgotthard-altisk.hu\/?page_id=8260"]}]},{"@type":"ImageObject","inLanguage":"hu","@id":"https:\/\/sztgotthard-altisk.hu\/?page_id=8260#primaryimage","url":"https:\/\/i0.wp.com\/sztgotthard-altisk.hu\/wp-content\/uploads\/2023\/10\/sztgotthard-1.jpg?fit=398%2C699&ssl=1","contentUrl":"https:\/\/i0.wp.com\/sztgotthard-altisk.hu\/wp-content\/uploads\/2023\/10\/sztgotthard-1.jpg?fit=398%2C699&ssl=1","width":398,"height":699},{"@type":"BreadcrumbList","@id":"https:\/\/sztgotthard-altisk.hu\/?page_id=8260#breadcrumb","itemListElement":[{"@type":"ListItem","position":1,"name":"Kezd\u0151lap","item":"https:\/\/sztgotthard-altisk.hu\/"},{"@type":"ListItem","position":2,"name":"N\u00e9vad\u00f3nk"}]},{"@type":"WebSite","@id":"https:\/\/sztgotthard-altisk.hu\/#website","url":"https:\/\/sztgotthard-altisk.hu\/","name":"Szent Gotth\u00e1rd \u00c1ltal\u00e1nos Iskola","description":"Szent Gotth\u00e1rd \u00c1ltal\u00e1nos Iskola","publisher":{"@id":"https:\/\/sztgotthard-altisk.hu\/#organization"},"potentialAction":[{"@type":"SearchAction","target":{"@type":"EntryPoint","urlTemplate":"https:\/\/sztgotthard-altisk.hu\/?s={search_term_string}"},"query-input":{"@type":"PropertyValueSpecification","valueRequired":true,"valueName":"search_term_string"}}],"inLanguage":"hu"},{"@type":"Organization","@id":"https:\/\/sztgotthard-altisk.hu\/#organization","name":"Szent Gell\u00e9rt \u00c1ltal\u00e1nos Iskola","url":"https:\/\/sztgotthard-altisk.hu\/","logo":{"@type":"ImageObject","inLanguage":"hu","@id":"https:\/\/sztgotthard-altisk.hu\/#\/schema\/logo\/image\/","url":"https:\/\/i0.wp.com\/www.sztgotthard-altisk.hu\/wp-content\/uploads\/2022\/01\/sztg_altisk_logo.png?fit=161%2C129&ssl=1","contentUrl":"https:\/\/i0.wp.com\/www.sztgotthard-altisk.hu\/wp-content\/uploads\/2022\/01\/sztg_altisk_logo.png?fit=161%2C129&ssl=1","width":161,"height":129,"caption":"Szent Gell\u00e9rt \u00c1ltal\u00e1nos Iskola"},"image":{"@id":"https:\/\/sztgotthard-altisk.hu\/#\/schema\/logo\/image\/"}}]}},"jetpack_shortlink":"https:\/\/wp.me\/P9tyQr-29e","jetpack_sharing_enabled":true,"_links":{"self":[{"href":"https:\/\/sztgotthard-altisk.hu\/index.php?rest_route=\/wp\/v2\/pages\/8260","targetHints":{"allow":["GET"]}}],"collection":[{"href":"https:\/\/sztgotthard-altisk.hu\/index.php?rest_route=\/wp\/v2\/pages"}],"about":[{"href":"https:\/\/sztgotthard-altisk.hu\/index.php?rest_route=\/wp\/v2\/types\/page"}],"author":[{"embeddable":true,"href":"https:\/\/sztgotthard-altisk.hu\/index.php?rest_route=\/wp\/v2\/users\/4"}],"replies":[{"embeddable":true,"href":"https:\/\/sztgotthard-altisk.hu\/index.php?rest_route=%2Fwp%2Fv2%2Fcomments&post=8260"}],"version-history":[{"count":1,"href":"https:\/\/sztgotthard-altisk.hu\/index.php?rest_route=\/wp\/v2\/pages\/8260\/revisions"}],"predecessor-version":[{"id":8262,"href":"https:\/\/sztgotthard-altisk.hu\/index.php?rest_route=\/wp\/v2\/pages\/8260\/revisions\/8262"}],"wp:attachment":[{"href":"https:\/\/sztgotthard-altisk.hu\/index.php?rest_route=%2Fwp%2Fv2%2Fmedia&parent=8260"}],"curies":[{"name":"wp","href":"https:\/\/api.w.org\/{rel}","templated":true}]}}