{"id":62,"date":"2015-09-04T10:09:53","date_gmt":"2015-09-04T10:09:53","guid":{"rendered":"http:\/\/szia-sztg.sulinet.hu\/?page_id=62"},"modified":"2023-10-24T08:06:15","modified_gmt":"2023-10-24T07:06:15","slug":"tanev-rendje","status":"publish","type":"page","link":"https:\/\/sztgotthard-altisk.hu\/?page_id=62","title":{"rendered":"Tan\u00e9v rendje"},"content":{"rendered":"<p style=\"text-align: justify;\"><strong>2023-2024. tan\u00e9v rendje<\/strong><\/p>\n<p style=\"text-align: justify;\"><strong>Els\u0151 tan\u00edt\u00e1si nap<\/strong>: 2023. szeptember 1. (p\u00e9ntek)<\/p>\n<p style=\"text-align: justify;\"><strong>Utols\u00f3 tan\u00edt\u00e1si nap<\/strong>: 2024. j\u00fanius 21. (p\u00e9ntek)<\/p>\n<p style=\"text-align: justify;\"><strong>A tan\u00edt\u00e1si \u00e9v els\u0151 f\u00e9l\u00e9v\u00e9nek v\u00e9ge<\/strong>: 2024. janu\u00e1r 19.<\/p>\n<p style=\"text-align: justify;\"><strong>F\u00e9l\u00e9vi \u00e9rtes\u00edt\u0151k<\/strong>: 2024. janu\u00e1r 26.<\/p>\n<p style=\"text-align: justify;\"><strong>\u00c1ltal\u00e1nos iskolai beiratkoz\u00e1s<\/strong>: 2024. \u00e1prilis 18-19.<\/p>\n<p style=\"text-align: justify;\">Az<strong> \u0151szi sz\u00fcnet<\/strong> el\u0151tti utols\u00f3 tan\u00edt\u00e1si nap 2023. okt\u00f3ber 27. (p\u00e9ntek), a sz\u00fcnet ut\u00e1ni els\u0151 tan\u00edt\u00e1si nap<br \/>\n2023. november 6. (h\u00e9tf\u0151).<br \/>\nA <strong>t\u00e9li sz\u00fcnet<\/strong> el\u0151tti utols\u00f3 tan\u00edt\u00e1si nap 2023. december 21. (cs\u00fct\u00f6rt\u00f6k), a sz\u00fcnet ut\u00e1ni els\u0151 tan\u00edt\u00e1si nap<br \/>\n2024. janu\u00e1r 8. (h\u00e9tf\u0151).<br \/>\nA <strong>tavaszi sz\u00fcnet<\/strong> el\u0151tti utols\u00f3 tan\u00edt\u00e1si nap 2024. m\u00e1rcius 27. (szerda), a sz\u00fcnet ut\u00e1ni els\u0151 tan\u00edt\u00e1si nap<br \/>\n2024. \u00e1prilis 8. (h\u00e9tf\u0151).<\/p>\n<p style=\"text-align: justify;\"><strong>Orsz\u00e1gos m\u00e9r\u00e9sek:<\/strong><\/p>\n<p><strong>4\u20135. \u00e9vfolyam<\/strong>: sz\u00f6veg\u00e9rt\u00e9s, matematika m\u00e9r\u00e9s;<\/p>\n<p><strong>6\u20137 &#8211; 8.<\/strong>\u00a0<strong>\u00e9vfolyam:<\/strong> sz\u00f6veg\u00e9rt\u00e9s, matematika, term\u00e9szettudom\u00e1ny, idegen nyelvi m\u00e9r\u00e9s az angol vagy n\u00e9met<br \/>\nnyelvet els\u0151 idegen nyelvk\u00e9nt tanul\u00f3k k\u00f6r\u00e9ben, c\u00e9lnyelvi m\u00e9r\u00e9s angol, n\u00e9met,\u00a0<\/p>\n<p><strong>5-6-7-8. \u00e9vfolyam<\/strong>: digit\u00e1lis kult\u00fara \u00e9s t\u00f6rt\u00e9nelem k\u00eds\u00e9rleti m\u00e9r\u00e9s.<\/p>\n<p>&nbsp;<\/p>\n<p style=\"text-align: justify;\"><strong>Orsz\u00e1gos Netfit m\u00e9r\u00e9s <\/strong>(a di\u00e1kok fizikai \u00e1llapot\u00e1nak \u00e9s edzetts\u00e9g\u00e9nek vizsg\u00e1lata):<\/p>\n<p style=\"text-align: justify;\">2024. janu\u00e1r 9 &#8211; 2023. m\u00e1jus 10.<\/p>\n<p style=\"text-align: justify;\"><strong>T\u00e9mahetek \u00e9s t\u00e9manap megszervez\u00e9se:<\/strong><\/p>\n<p>Magyar Di\u00e1ksport Napja:\u00a0 2023. szeptember 29.<br \/>\n\u201eP\u00c9NZ7\u201d p\u00e9nz\u00fcgyi \u00e9s v\u00e1llalkoz\u00f3i t\u00e9mah\u00e9t:\u00a0 2024. m\u00e1rcius 4\u20138.\u00a0<br \/>\nDigit\u00e1lis T\u00e9mah\u00e9t:\u00a0 2024. \u00e1prilis 8\u201312.\u00a0<br \/>\nFenntarthat\u00f3s\u00e1gi T\u00e9mah\u00e9t:\u00a0 2024. \u00e1prilis 22\u201326.\u00a0<\/p>\n<p>&nbsp;<\/p>\n<p style=\"text-align: justify;\">\u00a0<\/p>\n<p style=\"text-align: justify;\">\u00a0<\/p>\n<p style=\"text-align: justify;\"><strong>\u00a0<\/strong><\/p>\n<p><strong>\u00a0<\/strong><\/p>\n<p><strong>\u00a0<\/strong><\/p>\n<p>&nbsp;<\/p>\n<p>&nbsp;<\/p>\n","protected":false},"excerpt":{"rendered":"<p>2023-2024. tan\u00e9v rendje Els\u0151 tan\u00edt\u00e1si nap: 2023. szeptember 1. (p\u00e9ntek) Utols\u00f3 tan\u00edt\u00e1si nap: 2024. j\u00fanius 21. (p\u00e9ntek) A tan\u00edt\u00e1si \u00e9v els\u0151 f\u00e9l\u00e9v\u00e9nek v\u00e9ge: 2024. janu\u00e1r 19. F\u00e9l\u00e9vi \u00e9rtes\u00edt\u0151k: 2024. janu\u00e1r 26. \u00c1ltal\u00e1nos iskolai beiratkoz\u00e1s: 2024. \u00e1prilis 18-19. Az \u0151szi sz\u00fcnet el\u0151tti utols\u00f3 tan\u00edt\u00e1si nap 2023. okt\u00f3ber 27. (p\u00e9ntek), a sz\u00fcnet ut\u00e1ni els\u0151 tan\u00edt\u00e1si nap 2023. [&hellip;]<\/p>\n","protected":false},"author":4,"featured_media":0,"parent":0,"menu_order":0,"comment_status":"closed","ping_status":"closed","template":"","meta":{"_exactmetrics_skip_tracking":false,"_exactmetrics_sitenote_active":false,"_exactmetrics_sitenote_note":"","_exactmetrics_sitenote_category":0,"footnotes":""},"class_list":["post-62","page","type-page","status-publish","hentry"],"yoast_head":"<!-- This site is optimized with the Yoast SEO plugin v26.7 - https:\/\/yoast.com\/wordpress\/plugins\/seo\/ -->\n<title>Tan\u00e9v rendje - Szent Gotth\u00e1rd \u00c1ltal\u00e1nos Iskola<\/title>\n<meta name=\"robots\" content=\"index, follow, max-snippet:-1, max-image-preview:large, max-video-preview:-1\" \/>\n<link rel=\"canonical\" href=\"https:\/\/sztgotthard-altisk.hu\/?page_id=62\" \/>\n<meta property=\"og:locale\" content=\"hu_HU\" \/>\n<meta property=\"og:type\" content=\"article\" \/>\n<meta property=\"og:title\" content=\"Tan\u00e9v rendje - Szent Gotth\u00e1rd \u00c1ltal\u00e1nos Iskola\" \/>\n<meta property=\"og:description\" content=\"2023-2024. tan\u00e9v rendje Els\u0151 tan\u00edt\u00e1si nap: 2023. szeptember 1. (p\u00e9ntek) Utols\u00f3 tan\u00edt\u00e1si nap: 2024. j\u00fanius 21. (p\u00e9ntek) A tan\u00edt\u00e1si \u00e9v els\u0151 f\u00e9l\u00e9v\u00e9nek v\u00e9ge: 2024. janu\u00e1r 19. F\u00e9l\u00e9vi \u00e9rtes\u00edt\u0151k: 2024. janu\u00e1r 26. \u00c1ltal\u00e1nos iskolai beiratkoz\u00e1s: 2024. \u00e1prilis 18-19. Az \u0151szi sz\u00fcnet el\u0151tti utols\u00f3 tan\u00edt\u00e1si nap 2023. okt\u00f3ber 27. (p\u00e9ntek), a sz\u00fcnet ut\u00e1ni els\u0151 tan\u00edt\u00e1si nap 2023. [&hellip;]\" \/>\n<meta property=\"og:url\" content=\"https:\/\/sztgotthard-altisk.hu\/?page_id=62\" \/>\n<meta property=\"og:site_name\" content=\"Szent Gotth\u00e1rd \u00c1ltal\u00e1nos Iskola\" \/>\n<meta property=\"article:modified_time\" content=\"2023-10-24T07:06:15+00:00\" \/>\n<meta name=\"twitter:card\" content=\"summary_large_image\" \/>\n<meta name=\"twitter:label1\" content=\"Becs\u00fclt olvas\u00e1si id\u0151\" \/>\n\t<meta name=\"twitter:data1\" content=\"2 perc\" \/>\n<script type=\"application\/ld+json\" class=\"yoast-schema-graph\">{\"@context\":\"https:\/\/schema.org\",\"@graph\":[{\"@type\":\"WebPage\",\"@id\":\"https:\/\/sztgotthard-altisk.hu\/?page_id=62\",\"url\":\"https:\/\/sztgotthard-altisk.hu\/?page_id=62\",\"name\":\"Tan\u00e9v rendje - Szent Gotth\u00e1rd \u00c1ltal\u00e1nos Iskola\",\"isPartOf\":{\"@id\":\"https:\/\/sztgotthard-altisk.hu\/#website\"},\"datePublished\":\"2015-09-04T10:09:53+00:00\",\"dateModified\":\"2023-10-24T07:06:15+00:00\",\"breadcrumb\":{\"@id\":\"https:\/\/sztgotthard-altisk.hu\/?page_id=62#breadcrumb\"},\"inLanguage\":\"hu\",\"potentialAction\":[{\"@type\":\"ReadAction\",\"target\":[\"https:\/\/sztgotthard-altisk.hu\/?page_id=62\"]}]},{\"@type\":\"BreadcrumbList\",\"@id\":\"https:\/\/sztgotthard-altisk.hu\/?page_id=62#breadcrumb\",\"itemListElement\":[{\"@type\":\"ListItem\",\"position\":1,\"name\":\"Kezd\u0151lap\",\"item\":\"https:\/\/sztgotthard-altisk.hu\/\"},{\"@type\":\"ListItem\",\"position\":2,\"name\":\"Tan\u00e9v rendje\"}]},{\"@type\":\"WebSite\",\"@id\":\"https:\/\/sztgotthard-altisk.hu\/#website\",\"url\":\"https:\/\/sztgotthard-altisk.hu\/\",\"name\":\"Szent Gotth\u00e1rd \u00c1ltal\u00e1nos Iskola\",\"description\":\"Szent Gotth\u00e1rd \u00c1ltal\u00e1nos Iskola\",\"publisher\":{\"@id\":\"https:\/\/sztgotthard-altisk.hu\/#organization\"},\"potentialAction\":[{\"@type\":\"SearchAction\",\"target\":{\"@type\":\"EntryPoint\",\"urlTemplate\":\"https:\/\/sztgotthard-altisk.hu\/?s={search_term_string}\"},\"query-input\":{\"@type\":\"PropertyValueSpecification\",\"valueRequired\":true,\"valueName\":\"search_term_string\"}}],\"inLanguage\":\"hu\"},{\"@type\":\"Organization\",\"@id\":\"https:\/\/sztgotthard-altisk.hu\/#organization\",\"name\":\"Szent Gell\u00e9rt \u00c1ltal\u00e1nos Iskola\",\"url\":\"https:\/\/sztgotthard-altisk.hu\/\",\"logo\":{\"@type\":\"ImageObject\",\"inLanguage\":\"hu\",\"@id\":\"https:\/\/sztgotthard-altisk.hu\/#\/schema\/logo\/image\/\",\"url\":\"https:\/\/i0.wp.com\/www.sztgotthard-altisk.hu\/wp-content\/uploads\/2022\/01\/sztg_altisk_logo.png?fit=161%2C129&ssl=1\",\"contentUrl\":\"https:\/\/i0.wp.com\/www.sztgotthard-altisk.hu\/wp-content\/uploads\/2022\/01\/sztg_altisk_logo.png?fit=161%2C129&ssl=1\",\"width\":161,\"height\":129,\"caption\":\"Szent Gell\u00e9rt \u00c1ltal\u00e1nos Iskola\"},\"image\":{\"@id\":\"https:\/\/sztgotthard-altisk.hu\/#\/schema\/logo\/image\/\"}}]}<\/script>\n<!-- \/ Yoast SEO plugin. -->","yoast_head_json":{"title":"Tan\u00e9v rendje - Szent Gotth\u00e1rd \u00c1ltal\u00e1nos Iskola","robots":{"index":"index","follow":"follow","max-snippet":"max-snippet:-1","max-image-preview":"max-image-preview:large","max-video-preview":"max-video-preview:-1"},"canonical":"https:\/\/sztgotthard-altisk.hu\/?page_id=62","og_locale":"hu_HU","og_type":"article","og_title":"Tan\u00e9v rendje - Szent Gotth\u00e1rd \u00c1ltal\u00e1nos Iskola","og_description":"2023-2024. tan\u00e9v rendje Els\u0151 tan\u00edt\u00e1si nap: 2023. szeptember 1. (p\u00e9ntek) Utols\u00f3 tan\u00edt\u00e1si nap: 2024. j\u00fanius 21. (p\u00e9ntek) A tan\u00edt\u00e1si \u00e9v els\u0151 f\u00e9l\u00e9v\u00e9nek v\u00e9ge: 2024. janu\u00e1r 19. F\u00e9l\u00e9vi \u00e9rtes\u00edt\u0151k: 2024. janu\u00e1r 26. \u00c1ltal\u00e1nos iskolai beiratkoz\u00e1s: 2024. \u00e1prilis 18-19. Az \u0151szi sz\u00fcnet el\u0151tti utols\u00f3 tan\u00edt\u00e1si nap 2023. okt\u00f3ber 27. (p\u00e9ntek), a sz\u00fcnet ut\u00e1ni els\u0151 tan\u00edt\u00e1si nap 2023. [&hellip;]","og_url":"https:\/\/sztgotthard-altisk.hu\/?page_id=62","og_site_name":"Szent Gotth\u00e1rd \u00c1ltal\u00e1nos Iskola","article_modified_time":"2023-10-24T07:06:15+00:00","twitter_card":"summary_large_image","twitter_misc":{"Becs\u00fclt olvas\u00e1si id\u0151":"2 perc"},"schema":{"@context":"https:\/\/schema.org","@graph":[{"@type":"WebPage","@id":"https:\/\/sztgotthard-altisk.hu\/?page_id=62","url":"https:\/\/sztgotthard-altisk.hu\/?page_id=62","name":"Tan\u00e9v rendje - Szent Gotth\u00e1rd \u00c1ltal\u00e1nos Iskola","isPartOf":{"@id":"https:\/\/sztgotthard-altisk.hu\/#website"},"datePublished":"2015-09-04T10:09:53+00:00","dateModified":"2023-10-24T07:06:15+00:00","breadcrumb":{"@id":"https:\/\/sztgotthard-altisk.hu\/?page_id=62#breadcrumb"},"inLanguage":"hu","potentialAction":[{"@type":"ReadAction","target":["https:\/\/sztgotthard-altisk.hu\/?page_id=62"]}]},{"@type":"BreadcrumbList","@id":"https:\/\/sztgotthard-altisk.hu\/?page_id=62#breadcrumb","itemListElement":[{"@type":"ListItem","position":1,"name":"Kezd\u0151lap","item":"https:\/\/sztgotthard-altisk.hu\/"},{"@type":"ListItem","position":2,"name":"Tan\u00e9v rendje"}]},{"@type":"WebSite","@id":"https:\/\/sztgotthard-altisk.hu\/#website","url":"https:\/\/sztgotthard-altisk.hu\/","name":"Szent Gotth\u00e1rd \u00c1ltal\u00e1nos Iskola","description":"Szent Gotth\u00e1rd \u00c1ltal\u00e1nos Iskola","publisher":{"@id":"https:\/\/sztgotthard-altisk.hu\/#organization"},"potentialAction":[{"@type":"SearchAction","target":{"@type":"EntryPoint","urlTemplate":"https:\/\/sztgotthard-altisk.hu\/?s={search_term_string}"},"query-input":{"@type":"PropertyValueSpecification","valueRequired":true,"valueName":"search_term_string"}}],"inLanguage":"hu"},{"@type":"Organization","@id":"https:\/\/sztgotthard-altisk.hu\/#organization","name":"Szent Gell\u00e9rt \u00c1ltal\u00e1nos Iskola","url":"https:\/\/sztgotthard-altisk.hu\/","logo":{"@type":"ImageObject","inLanguage":"hu","@id":"https:\/\/sztgotthard-altisk.hu\/#\/schema\/logo\/image\/","url":"https:\/\/i0.wp.com\/www.sztgotthard-altisk.hu\/wp-content\/uploads\/2022\/01\/sztg_altisk_logo.png?fit=161%2C129&ssl=1","contentUrl":"https:\/\/i0.wp.com\/www.sztgotthard-altisk.hu\/wp-content\/uploads\/2022\/01\/sztg_altisk_logo.png?fit=161%2C129&ssl=1","width":161,"height":129,"caption":"Szent Gell\u00e9rt \u00c1ltal\u00e1nos Iskola"},"image":{"@id":"https:\/\/sztgotthard-altisk.hu\/#\/schema\/logo\/image\/"}}]}},"jetpack_shortlink":"https:\/\/wp.me\/P9tyQr-10","jetpack_sharing_enabled":true,"_links":{"self":[{"href":"https:\/\/sztgotthard-altisk.hu\/index.php?rest_route=\/wp\/v2\/pages\/62","targetHints":{"allow":["GET"]}}],"collection":[{"href":"https:\/\/sztgotthard-altisk.hu\/index.php?rest_route=\/wp\/v2\/pages"}],"about":[{"href":"https:\/\/sztgotthard-altisk.hu\/index.php?rest_route=\/wp\/v2\/types\/page"}],"author":[{"embeddable":true,"href":"https:\/\/sztgotthard-altisk.hu\/index.php?rest_route=\/wp\/v2\/users\/4"}],"replies":[{"embeddable":true,"href":"https:\/\/sztgotthard-altisk.hu\/index.php?rest_route=%2Fwp%2Fv2%2Fcomments&post=62"}],"version-history":[{"count":31,"href":"https:\/\/sztgotthard-altisk.hu\/index.php?rest_route=\/wp\/v2\/pages\/62\/revisions"}],"predecessor-version":[{"id":8291,"href":"https:\/\/sztgotthard-altisk.hu\/index.php?rest_route=\/wp\/v2\/pages\/62\/revisions\/8291"}],"wp:attachment":[{"href":"https:\/\/sztgotthard-altisk.hu\/index.php?rest_route=%2Fwp%2Fv2%2Fmedia&parent=62"}],"curies":[{"name":"wp","href":"https:\/\/api.w.org\/{rel}","templated":true}]}}